pose -3*d + h = -4*k + 42, 2*d = 5*k + 255. What is the hundreds digit of d?
1
Let z(y) = 43*y - 10. Let u(f) = -9*f - 59. Let q(k) = -18*k - 118. Let c(s) = 4*q(s) - 9*u(s). Let d be c(-6). What is the hundreds digit of z(d)?
2
Let t(m) be the third derivative of m**5/12 + 19*m**4/12 + 2*m**3 + 2*m**2 - 22. What is the units digit of t(-17)?
1
Suppose -5*k = 3*w - 26685, 9*w - 8855 = 8*w + 5*k. What is the units digit of w?
5
Let z(h) = -h + 196. What is the tens digit of z(17)?
7
Suppose 0 = -4*d + 20, 2*l - 373 = -3*d + 496. What is the units digit of l?
7
Let d(h) = 3201*h + 1043. What is the hundreds digit of d(14)?
8
Let w(x) = 3*x**3 - 4*x**2 - 8*x + 17. Let h(p) = -p**2 - 3*p + 5. Let k be h(0). What is the tens digit of w(k)?
5
Suppose -5*z - 2 = -12. Suppose h - 47 = 2*j, -h = 3*j - z*j - 53. Suppose 2*i - h = c + 48, 3*i + 3*c = 126. What is the tens digit of i?
4
Let c(q) = 1196*q**2 + q + 1. Let f be c(-1). Let v be -3*2/18 - f/(-6). Let h = 303 - v. What is the tens digit of h?
0
Suppose -10*y + 92535 + 110065 = 0. What is the hundreds digit of y?
2
Let a = -31 - -31. Suppose -3*l + 0*l + 753 = a. What is the tens digit of l?
5
Let r(k) = -6*k - k**3 - 12 + 5*k + 9*k**2 + 0*k**3 - 3*k. What is the tens digit of r(8)?
2
Let g(z) = 23*z**3 - 2*z**2 - z. Let t be g(-1). Let s be (-9)/(27/t) + -4. Suppose -4*m + 4*x = -132, 2*x = -s*m + 25 + 77. What is the units digit of m?
8
Let z(j) = -6*j - 53. Let x be z(-10). What is the hundreds digit of (-5)/((-35)/2) - (-3729)/x?
5
Suppose 7*j = -141 + 183. Let s(u) = 18*u - 99. What is the units digit of s(j)?
9
Suppose 2*k - 8 = 0, -2*t + 7*k - 12 = 2*k. Suppose -t*v + 22 = 7*v. Suppose -3*b + 47 = y, v*y - 3*y + 5*b = -7. What is the tens digit of y?
3
Let t(c) = c**3 - 14*c**2 + 4. Let d be t(14). Suppose 10*u - 1008 = d*u. What is the tens digit of u?
6
Suppose 0*r + 24 = 4*r. Let t(i) be the first derivative of 6*i**2 + 27*i + 8282. What is the tens digit of t(r)?
9
Let g = 157 - 232. Let u = -9 - -8. What is the units digit of -3 + u - (g + 3)?
8
What is the units digit of 174010/(-6)*(-25 + (-1952)/(-80))?
1
Let r(k) = 14*k - 183. Let m(p) = -6*p**2 + 50*p - 16. Let l be m(7). What is the hundreds digit of r(l)?
3
Let j = 10 - 7. Suppose -z + j = 1. Suppose -z*y + 89 = -77. What is the units digit of y?
3
Suppose -139440 = -264*g + 240*g. What is the tens digit of g?
1
Suppose -367*v = -8*v + 1342573 - 16722851. What is the hundreds digit of v?
8
Let o = -985 + 3311. What is the thousands digit of o?
2
Suppose -236*k + 17771706 = 60*k + 150234. What is the units digit of k?
2
Suppose 0 = -2*x - 3*g + 3, -4*g - 1 + 21 = 0. Let q(o) = 38*o + 293. What is the tens digit of q(x)?
6
Suppose 473*i - 472*i - 1033 = -f, -3063 = -3*i + 3*f. What is the thousands digit of i?
1
Suppose -5 = -w + 2*i - i, 0 = -4*w - 4*i + 20. Suppose -370 = -5*x + 5*g, 2*x - w*g = 5*x - 254. Suppose -x - 90 = -4*s. What is the units digit of s?
2
Suppose -9*t = -7 - 38. Let i(u) = 13*u - 8. Let s be i(t). Let x = s - 44. What is the tens digit of x?
1
Suppose -11*w + 1997 + 2920 = 0. Let c = 828 - w. What is the units digit of c?
1
Let w = 13167 + -3924. What is the tens digit of w?
4
What is the hundreds digit of ((11/165)/((-1)/(-3)))/((-3)/(-53895))?
5
Suppose 4*l = -4*l. Suppose 3*v + l*s + s = 1253, 3*s - 415 = -v. Suppose 4*y = -2*w + v + 594, 781 = 3*y - 4*w. What is the hundreds digit of y?
2
Suppose 15137 = -14*i - 1537. Let v = -821 - i. What is the hundreds digit of v?
3
Let u be (-2)/6 - 130/(-3). Suppose 3*i = 63*x - 62*x - 19, 3*x - 32 = 4*i. Suppose -u = -t + x. What is the tens digit of t?
4
Let x(a) = 1301*a**2 + 10*a + 9. Let h be x(-3). What is the hundreds digit of -3 + (-40)/(-15) - h/(-18)?
6
Suppose 5*y - 24 = j - 0, -3*y = -3*j - 24. Suppose y*d - 594 = 450. Let x = -37 + d. What is the units digit of x?
4
Suppose 0 = 79*u - 167068 - 116068. What is the tens digit of u?
8
What is the units digit of (103/9 + -5)*4635?
0
Suppose 407 = -110*o + 68937. What is the hundreds digit of o?
6
Let s = 1590 - 58. Suppose 4*r = -3*q + 1526, -2*q - q = -2*r - s. What is the hundreds digit of q?
5
Let i(n) = 111*n - 73. Let c be i(-4). Let r = c + 959. What is the hundreds digit of r?
4
Let w(q) = -21*q**3 - 2*q**2 - 5*q + 1. Let h be w(-3). Suppose 0 = -3*k - 15, -k + h - 140 = 5*a. Let g = a + 38. What is the tens digit of g?
2
Let c(v) be the second derivative of -85*v**3/6 - 177*v**2/2 - 11*v. What is the tens digit of c(-8)?
0
Let v = -506 - -496. What is the units digit of 4684/7 + v/70?
9
Suppose 102*q = 1111586 - 280592. What is the units digit of q?
7
Suppose -14*v + 10 = -12*v, 2*v = 5*g - 145250. What is the thousands digit of g?
9
Let r(u) = -16*u - 116. Let y be r(-7). Let d(a) = 23*a**2 - 14*a - 55. What is the hundreds digit of d(y)?
3
Let x(j) = -j**3 + 5*j**2 + 148*j - 45. What is the hundreds digit of x(-19)?
8
Let i(y) = 6*y**2 + 25*y - 126. What is the tens digit of i(29)?
4
Suppose 25*x + 51408 = 34*x. What is the tens digit of x?
1
Let m(f) = -5*f**3 - 8*f**2 - 4*f - 19. Let v be m(-10). Suppose -17*x + 24*x = v. What is the hundreds digit of x?
6
Let f = -194 - -198. Suppose f*m + 2*z = 3*z + 2518, 5*m - 2*z - 3149 = 0. What is the units digit of m?
9
Let x(z) = 54*z - 2254. What is the thousands digit of x(88)?
2
Let m = 8725 - 6435. What is the hundreds digit of m?
2
Let a(s) = -s**2 - 3*s + 1. Let b be a(1). Let l(g) = -2*g**2 - 10*g - 18. Let t be l(b). What is the hundreds digit of 192/((-27)/t + -3)?
1
Let y = -12329 - -36936. What is the tens digit of y?
0
Suppose -5*r + 3*j = -179710, 2*r - 39365 = -2*j + 32535. What is the tens digit of r?
4
Suppose -4*a - 13*a + 3*a = 0. Suppose a = 4*x - 3*t - 402, 5*t = 16*x - 13*x - 296. What is the units digit of x?
2
Let v = -23541 - -40939. What is the tens digit of v?
9
Let o = 22904 - 5857. What is the ten thousands digit of o?
1
Let t(l) be the second derivative of l**5/6 + l**4/8 + l**3/3 + 5*l**2/2 + 7*l. Let v(k) be the first derivative of t(k). What is the units digit of v(-1)?
9
Suppose -11642 = -p - 4*j, -5*j = -3*p + 3688 + 31204. What is the thousands digit of p?
1
Suppose 0 = -3*j - 5*l + 156647, -3*j + 120*l = 105*l - 156507. What is the units digit of j?
4
Suppose 4*h - 4*b + 2978 - 666 = 0, 1759 = -3*h - 2*b. Let d = -193 - h. What is the units digit of d?
0
Suppose -p + 21 = -0. Let s = p - 19. Let m(w) = 8*w**2 - w + 3. What is the units digit of m(s)?
3
Let x(y) = 14047*y**2 + 398*y - 396. What is the tens digit of x(1)?
4
Suppose 18 = -3*m + 2*w + 43, 4*m = 2*w + 30. Suppose m*c - 4*c + 2693 = 5*i, 0 = -4*i + 2*c + 2158. What is the units digit of i?
8
Let l(g) = 3*g + 32. Let d be l(0). Suppose 196 = 2*r - d. What is the units digit of r?
4
Let d(s) = s**3 + 42*s**2 - 802*s + 42. What is the thousands digit of d(-56)?
1
Suppose -110*x + 258697 = -241363. What is the tens digit of x?
4
Let l = 171 - 24. Let t = -2 + l. What is the hundreds digit of t?
1
Let s be 14200/15 - 0 - 1/(-3). Suppose -553 = -3*w - 2*p, 5*w - s = -0*w + 3*p. Suppose 77 + w = 4*u. What is the tens digit of u?
6
What is the hundreds digit of ((-7110)/(-150))/(1/30)?
4
Suppose -2574195 = 28*v - 157*v. What is the units digit of v?
5
Suppose 79*a - 96337 - 18634 - 1633 = 0. What is the hundreds digit of a?
4
Suppose 3*m = s - 1 + 2, 0 = -3*m - 4*s + 26. Let f(i) = 182*i + 27. What is the units digit of f(m)?
1
Let y(c) be the second derivative of -7*c**5/20 - c**4/4 + c**3/6 + 15*c**2/2 + 127*c. What is the hundreds digit of y(-3)?
1
Suppose -378*w + 12264315 = 2454837. What is the hundreds digit of w?
9
Suppose 4*q - 3*q = 243. Suppose 0 = o - 21 - q. What is the hundreds digit of o?
2
Let n(m) = 16*m**2 - 8*m + 3. Let k be n(5). Suppose -21*s - k = -4*g - 18*s, -3*g = s - 269. What is the units digit of g?
0
Let f = -34 + 41. Let h be f + (2/1 - 4). Suppose -3*c + d = -383, 5*c + 114 - 749 = h*d. What is the units digit of c?
8
Let b be (-4)/6 - ((-1886)/(-6) + 2). Let k = b - -357. What is the tens digit of k?
4
Suppose 331*b - 4277800 - 5958745 = 2569183. What is the hundreds digit of b?
6
Let k be 4 + -2 + (-12 - -12). Suppose s - 683 = k*x, 5*s - 1281 - 2113 = 3*x. What is the hundreds digit of s?
6
Let v = -26 + -35. Let t = v - -